e 0 = -5*x - 6025 + 24645. Let k be x/30 - (-2)/(-15). Let q be k/(-1 - -3) - -2. What is the highest common divisor of 8 and q?
8
Suppose 178 = 3*x + 2*i, -4*x + 5*x + 4*i = 76. Suppose 6*p - 2*p - 60 = 0. Let c = p - 7. Calculate the greatest common factor of x and c.
8
Let m = -2408 + 2568. What is the highest common divisor of 170 and m?
10
Suppose -4 = 2*x - 8. Suppose x*h - 8 = -g + 3*g, 3*g = -h + 16. Let p(w) = -w**2 - 6*w + 7. Let k be p(-6). Calculate the greatest common factor of k and h.
7
Suppose 0*i + 7*i = i. Let r = i + 48. Calculate the highest common factor of r and 192.
48
Let t(p) = -51 - 46 + 94 - 16*p. Let f be t(-3). Suppose 2*r = -2*r + 120. Calculate the highest common factor of r and f.
15
Suppose -3*l = v - 20, 3*v = 4*l - v. Suppose -5*r + 55 = 5*w, 15 = -3*w + 5*w - l*r. What is the greatest common factor of 15 and w?
5
Suppose 9*w = 4*w + 720. What is the highest common factor of 27 and w?
9
Let t be -1 - 26/(-22) - (-320)/55. Let a(s) = 14*s - 8. Let i be a(4). What is the highest common divisor of t and i?
6
Let k = 2915 - 958. Calculate the highest common divisor of 103 and k.
103
Let a = -6 + 8. Suppose -1 = d - 6*d + a*c, 3*c + 5 = 4*d. Let i(j) = -95*j**3 - 2*j - 1. Let v be i(d). What is the greatest common factor of v and 24?
24
Let r be (-20)/(-4)*(15 + 1). What is the highest common divisor of r and 56?
8
Suppose 0 = 3*t + t - 4. Let s(u) = 7*u**2 - t - 1 - 1. Let n be s(-3). What is the highest common divisor of n and 24?
12
Let r(q) = 20*q - 50. Let p be r(8). What is the highest common divisor of p and 20?
10
Let p be (14/6 + -1)/((-4)/6). Let k be p/((-4)/97) + (-6)/12. Suppose m = -0*i + 4*i - 19, 0 = -5*i - 3*m + 45. What is the greatest common factor of i and k?
6
Let z be 2 + (-1 - 66/1). Let s = z - -97. Let m(w) = 65*w**2 - 3*w + 2. Let u be m(1). Calculate the highest common divisor of s and u.
32
Suppose 9*r - 5 = 22. Suppose -r*p = -18 + 6. Calculate the greatest common factor of p and 8.
4
Let s = 986 + -737. Calculate the highest common divisor of 332 and s.
83
Suppose -780 = -67*u + 37*u. Calculate the highest common divisor of u and 650.
26
Let a = 219 - 35. Calculate the greatest common divisor of a and 23.
23
Let t = -2577 - -2584. Calculate the highest common factor of t and 4.
1
Suppose -o + 4*o = 3*p - 21, 4*o = 5*p - 30. Suppose -3*n + 90 = -p*s, 34 + 56 = 3*n - 3*s. What is the greatest common factor of n and 30?
30
Let h(p) = p + 18. Let l be h(-4). Suppose 75 = -l*b + 15*b. Calculate the highest common divisor of b and 15.
15
Let d = 1358 - 852. Suppose -d = -2*l - 114. Suppose -3*o + 526 = l. What is the greatest common factor of o and 10?
10
Let i = 451 + -150. What is the greatest common divisor of 7 and i?
7
Suppose 7*v - 2*v - 1085 = 0. Calculate the highest common divisor of 62 and v.
31
Let y be ((-3)/2)/(27/(-252)). Suppose 2*q = -41*x + 36*x + 122, -5*q + 4*x + 272 = 0. Calculate the greatest common divisor of y and q.
14
Let l(c) = 8*c. Let u(s) = s. Let w(z) = l(z) - 10*u(z). Let x be w(-2). Let a be 1*(3 + (-26)/8)*-4. What is the greatest common factor of x and a?
1
Let q be -2 + 27/3 + 90/2. Calculate the greatest common factor of q and 299.
13
Let o = 82 + -18. Let p(j) = -j + 13. Let k be p(9). Suppose -3*s - k*v + 60 = 0, 4*s + 3*v + 55 = 8*s. What is the highest common factor of o and s?
16
Suppose 3*l - 33 - 942 = 0. Calculate the greatest common factor of 130 and l.
65
Let w be 20/(10/(-25) - 0). Let g = w - -51. Calculate the highest common divisor of g and 2.
1
Let n(o) = -o**3 - 7*o**2 + 8*o - 80. Let b be n(-10). Calculate the highest common divisor of 30 and b.
10
Suppose 161 = 8*c - 143. Calculate the highest common factor of 57 and c.
19
Suppose 0 = 4*l - 0 - 20. Let q(a) = -a - 5. Let c be q(-10). Calculate the highest common divisor of c and l.
5
Let r be (-151)/(-1) - 7/((-14)/6). Calculate the greatest common factor of 88 and r.
22
Suppose -7*c = -42 - 98. Suppose -3*y + c = y. What is the greatest common divisor of 55 and y?
5
Suppose v = 3*f + 24, 14*v - 10*v - 31 = -f. What is the greatest common factor of 18 and v?
9
Let p = -13 + 22. Let q = -9437 + 9482. What is the highest common factor of p and q?
9
Let o be 3 - 5 - 2*-1. Suppose -3*h + o*b + 3*b = -42, 4*h + 2*b = 56. Let p = -78 - -113. What is the highest common factor of p and h?
7
Let x(i) = i**3 - 4*i**2 - i - 10. Suppose 2*f + 11 = 21. Let r be x(f). What is the greatest common divisor of 2 and r?
2
Let t = 55 - 28. Suppose -5*y - t = 5*j - j, 5*j - y + 41 = 0. Let a(m) = -5*m - 7. Let u be a(j). Calculate the highest common factor of u and 11.
11
Let k(n) = n**3 + 18*n**2 - 45*n + 38. Let q be k(-20). What is the highest common divisor of 92 and q?
46
Suppose -75*h + 1573 = -62*h. Calculate the highest common divisor of 143 and h.
11
Let a be ((-96)/9 + 0)*-18. Suppose -96 = -2*r - 5*u, -4*r = u - 6*u - a. What is the greatest common divisor of r and 36?
12
Let w(s) = -s**3 + 21*s**2 + 41*s + 118. Let a be w(23). What is the greatest common factor of a and 57?
3
Let o(s) = -s**3 - 7*s**2 + 6*s - 17. Let f be o(-8). Let v be 15*7 - (1 + f + 0). What is the greatest common factor of v and 35?
35
Let m = -73 - -77. Suppose -2*a + m*j + 92 = 2*a, -j = 2*a - 31. What is the highest common factor of 234 and a?
18
Let z(c) = -c**3 - c**2 + 1. Let a(s) = 5*s**3 + 4*s**2 - s + 16. Let p(g) = a(g) + 4*z(g). Let y be p(0). Calculate the highest common divisor of 4 and y.
4
Let w be 9/(-4)*(-16)/3. Let k = 14 - w. Let r be (56/(-4)*k)/(-2). Calculate the greatest common factor of r and 7.
7
Let g = 75 + -60. Let h be (-5)/g - (64/(-6))/2. Calculate the greatest common factor of h and 65.
5
Let y = 34 - -17. Calculate the highest common factor of y and 34.
17
Let v(z) = z**2 - 7*z + 2. Let w be v(8). Let f be (-13 - -6) + 9 - w*-5. Let j = 4 - -9. What is the highest common divisor of j and f?
13
Let v(a) = -157*a**3 - 2*a**2 - 4*a - 3. Let p be v(-1). Calculate the highest common factor of 48 and p.
12
Suppose 0 = 4*l - 19 - 249. Suppose 5*d = -2*q + l + 81, -5*q - 36 = -2*d. Calculate the greatest common divisor of 252 and d.
28
Let y = -45 - -56. Suppose -8*i - 672 = -y*i. Calculate the greatest common divisor of 28 and i.
28
Suppose g - 82 = -u, 207*u - 206*u = -2*g + 84. What is the highest common divisor of 1520 and u?
80
Suppose 5*m = 56 + 34. Let n = 30 - m. Let l be (16/(-3))/((-1)/9). What is the greatest common divisor of l and n?
12
Suppose -3*n + 24 = s, -2*n - 4*s + 8 + 8 = 0. Let q be (15/(-10))/((-2)/n). Calculate the greatest common factor of q and 66.
6
Let y(l) = l**2 + 36*l + 148. Let q be y(-34). Calculate the highest common factor of 192 and q.
16
Suppose 2*v + 131 - 231 = 0. Calculate the highest common divisor of v and 625.
25
Let o = 1131 - 1087. Calculate the greatest common factor of o and 374.
22
Let l(v) = -v**3 - 8*v**2 + 59*v - 13. Let a be l(-13). Let n(p) = 38*p**2 - 2*p - 1. Let j be n(-1). Calculate the greatest common divisor of a and j.
13
Suppose -3*g - 7 + 16 = 0. Suppose 13 = 7*s - 1. Suppose 3*o - 6 = -p, -g*o - s*p + 6 = o. What is the greatest common divisor of o and 6?
3
Suppose 2*o = 5*o - 15. Suppose -2*u - 477 = -o*s, 0*s = 3*s - 5*u - 290. Let d = -1810 + 1829. Calculate the greatest common divisor of s and d.
19
Let p(b) = 2*b**2 + 4. Let h be p(-2). Calculate the highest common divisor of h and 28.
4
Let k = 9 + -7. Suppose a = k*g - 0*g + 42, 4*a - 161 = g. What is the greatest common factor of a and 5?
5
Let d(a) = -26*a - 60. Let g be d(-5). Calculate the greatest common factor of g and 35.
35
Let h(n) = -4*n**2 + n**3 - 5*n + 4*n**2 - 4*n**2 - n + 11. Let o be h(5). Suppose 0 = o*t - 4*t - 160. Calculate the greatest common divisor of t and 16.
16
Suppose -4*g - g - 165 = 0. Let c = 9 - g. Calculate the greatest common factor of c and 14.
14
Let n = -352 + 421. What is the greatest common factor of n and 483?
69
Let b be (-7 + 4 - -34)*2. Let l be b/3*(-2 + -1)/(-1). What is the greatest common divisor of 93 and l?
31
Let d be 12/2*(1 - -35). Suppose c + 126 = 7*g, g - 18 = -56*c + 54*c. What is the greatest common factor of d and g?
18
Let u(l) = -l**3 + 32*l**2 + 70*l - 41. Let q be u(34). Calculate the greatest common divisor of 6 and